{"id":4405,"date":"2020-04-21T18:36:10","date_gmt":"2020-04-21T16:36:10","guid":{"rendered":"http:\/\/www.6loupiots.fr\/?page_id=4405"},"modified":"2023-03-16T14:08:41","modified_gmt":"2023-03-16T13:08:41","slug":"politique-petite-enfance-ccmvr","status":"publish","type":"page","link":"https:\/\/www.6loupiots.fr\/?page_id=4405","title":{"rendered":"Politique petite enfance de la Communaut\u00e9 de Communes  Marches du Velay-Rochebaron"},"content":{"rendered":"\t\t<div data-elementor-type=\"wp-page\" data-elementor-id=\"4405\" class=\"elementor elementor-4405\">\n\t\t\t\t\t\t<section class=\"elementor-section elementor-top-section elementor-element elementor-element-0d480af elementor-section-boxed elementor-section-height-default elementor-section-height-default\" data-id=\"0d480af\" data-element_type=\"section\" data-e-type=\"section\">\n\t\t\t\t\t\t<div class=\"elementor-container elementor-column-gap-default\">\n\t\t\t\t\t<div class=\"elementor-column elementor-col-50 elementor-top-column elementor-element elementor-element-fbc0a10\" data-id=\"fbc0a10\" data-element_type=\"column\" data-e-type=\"column\">\n\t\t\t<div class=\"elementor-widget-wrap elementor-element-populated\">\n\t\t\t\t\t\t<div class=\"elementor-element elementor-element-4e0a557 elementor-widget elementor-widget-text-editor\" data-id=\"4e0a557\" data-element_type=\"widget\" data-e-type=\"widget\" data-widget_type=\"text-editor.default\">\n\t\t\t\t<div class=\"elementor-widget-container\">\n\t\t\t\t\t\t\t\t\t<h4><span style=\"color: #800080;\"><strong>La communaut\u00e9 de Communes Marches du Velay Rochebaron exerce la comp\u00e9tence \u201cEnfance Jeunesse\u201d.<\/strong><\/span><\/h4><p>Afin de r\u00e9pondre aux attentes de la population \u201cMarches du Velay Rochebaron\u201d, la communaut\u00e9 de communes a conclu, avec la Caisse d\u2019Allocations Familiales, un contrat enfance jeunesse qui permet de financer en partie le fonctionnement des \u00e9quipements petite enfance et jeunesse (cr\u00e8ches, centre de loisirs sans h\u00e9bergement, relais petite enfance).<\/p><p>La communaut\u00e9 a \u00e9galement soutenu la cr\u00e9ation de services compl\u00e9mentaires notamment en mati\u00e8re d\u2019information et de pr\u00e9vention aupr\u00e8s de la jeunesse (PIJ, Point accueil Ecoutes Jeunes) ainsi qu\u2019une ludoth\u00e8que itin\u00e9rante.<\/p><p>La comp\u00e9tence des Marches du Velay Rochebaron concerne les modes de garde des jeunes enfants \u00e0 travers le relais petite enfance et les cr\u00e8ches, les accueils de loisirs enfants p\u00e9riscolaire ou extrascolaire, les centres de loisirs adolescents et l\u2019animation ados intercommunale, la ludoth\u00e8que, Le Point Information Jeunesse (PIJ) et le Point d\u2019Accueil et d\u2019Ecoute Jeunes (PAEJ).<\/p><p>\u00a0<\/p><h4><span style=\"color: #800080;\"><strong>La particularit\u00e9 du dispositif r\u00e9side dans l\u2019organisation du service qui repose sur une gestion associative r\u00e9alis\u00e9e par des b\u00e9n\u00e9voles.<\/strong><\/span><\/h4><p>Aujourd\u2019hui :<\/p><ul><li><strong>120 places en cr\u00e8ches<\/strong> pour accueillir environ <strong>360 enfants<\/strong><\/li><li><strong>267 assistantes maternelles agr\u00e9\u00e9es<\/strong>, ce qui repr\u00e9sente environ <strong>800 places d\u2019accueil<\/strong><\/li><li><strong>950 places<\/strong> sont disponibles dans les <strong>accueils de loisirs pour les enfants de 3 \u00e0 17 ans<\/strong><\/li><li><strong>18 associations<\/strong>, repr\u00e9sentant <strong>26 services diff\u00e9rents<\/strong>, sont accompagn\u00e9es par la Communaut\u00e9 de communes, auxquels s\u2019ajoutent 2 services g\u00e9r\u00e9s directement, <strong>soit 28 structures qui \u0153uvrent dans l\u2019action enfance jeunesse sur l\u2019ensemble des communes membres.<\/strong><\/li><\/ul>\t\t\t\t\t\t\t\t<\/div>\n\t\t\t\t<\/div>\n\t\t\t\t\t<\/div>\n\t\t<\/div>\n\t\t\t\t<div class=\"elementor-column elementor-col-50 elementor-top-column elementor-element elementor-element-4f4d9da\" data-id=\"4f4d9da\" data-element_type=\"column\" data-e-type=\"column\">\n\t\t\t<div class=\"elementor-widget-wrap elementor-element-populated\">\n\t\t\t\t\t\t<div class=\"elementor-element elementor-element-0249a3f elementor-widget elementor-widget-text-editor\" data-id=\"0249a3f\" data-element_type=\"widget\" data-e-type=\"widget\" data-widget_type=\"text-editor.default\">\n\t\t\t\t<div class=\"elementor-widget-container\">\n\t\t\t\t\t\t\t\t\t<h4><span style=\"color: #800080;\"><strong>Notre association Les 6 Loupiots en Marche<\/strong><\/span><\/h4><p>Les <em><strong>6 Loupiots en marche<\/strong><\/em> est une association loi 1901 cr\u00e9\u00e9e en 2004 en partenariat avec la Communaut\u00e9 de Communes, la Caisse d\u2019Allocation Familiale, le Conseil G\u00e9n\u00e9ral de la Haute Loire et la Mutuelle Sociale Agricole<\/p><p>L\u2019association g\u00e8re aujourd\u2019hui deux entit\u00e9s\u00a0:<\/p><ul><li><strong><a href=\"http:\/\/www.6loupiots.fr\/?page_id=3554\">Le Relais Petite Enfance<\/a> <\/strong>qui est implant\u00e9 sur 6 communes de la Communaut\u00e9 de Communes (Beauzac, La Chapelle d\u2019Aurec, Les Villettes, Monistrol sur Loire, Sainte Pal de Mons, Sainte Sigol\u00e8ne) <a href=\"http:\/\/www.6loupiots.fr\/wp-content\/uploads\/2020\/04\/guide_referentiel.pdf\" target=\"_blank\" rel=\"noopener\">Consulter le r\u00e9f\u00e9rentiel du relais petite enfance.<\/a><\/li><li><strong><a href=\"http:\/\/www.6loupiots.fr\/?page_id=3563\">La Micro cr\u00e8che \u00ab\u00a0Les Petits Loupiots<\/a>\u00bb<\/strong> \u00e0 Monistrol-sur-Loire.<\/li><\/ul><p><a href=\"http:\/\/www.6loupiots.fr\/wp-content\/uploads\/2020\/04\/projet-associatif.pdf\" target=\"_blank\" rel=\"noopener\">Consulter le projet associatif.<\/a><\/p><p>L&rsquo;adh\u00e9sion \u00e0 l&rsquo;association est de 15\u20ac par an.<\/p><p>T\u00e9l\u00e9charger le <a href=\"https:\/\/www.6loupiots.fr\/wp-content\/uploads\/2021\/10\/bulletin-adhesion-association-6-loupiots.pdf\">bulletin adh\u00e9sion association 6 loupiots.<\/a><\/p><p>L&rsquo;adh\u00e9sion vous ouvre certains avantages dans nos <a href=\"https:\/\/www.6loupiots.fr\/wp-content\/uploads\/2023\/03\/Magasins-partenaires-2023.pdf\">Magasins partenaires 2023<\/a> sous pr\u00e9sentation de la carte.<\/p><h4><span style=\"color: #800080;\"><strong>La gestion associative<\/strong><\/span><\/h4><p>Chaque ann\u00e9e le conseil d\u2019administration, suite \u00e0 l\u2019Assembl\u00e9e G\u00e9n\u00e9rale, \u00e9lit les membres du bureau. Celui-ci se compose de b\u00e9n\u00e9voles : parents d\u2019enfants accueillis \u00e0 la micro-cr\u00e8che ou chez un assistant maternel, et d\u2019assistants maternels.<\/p><p>La pr\u00e9sidente, la tr\u00e9sori\u00e8re, la secr\u00e9taire et la vice-secr\u00e9taire ainsi que les membres actifs du bureau b\u00e2tissent\u00a0ensemble\u00a0le fonctionnement g\u00e9n\u00e9ral de l\u2019association en \u00e9laborant et nourrissant pas \u00e0 pas, le projet associatif.<\/p><p><img fetchpriority=\"high\" decoding=\"async\" class=\"aligncenter wp-image-3815 size-medium\" src=\"http:\/\/www.6loupiots.fr\/wp-content\/uploads\/2020\/04\/photo-6-256x300.jpg\" alt=\"\" width=\"256\" height=\"300\" srcset=\"https:\/\/www.6loupiots.fr\/wp-content\/uploads\/2020\/04\/photo-6-256x300.jpg 256w, https:\/\/www.6loupiots.fr\/wp-content\/uploads\/2020\/04\/photo-6-874x1024.jpg 874w, https:\/\/www.6loupiots.fr\/wp-content\/uploads\/2020\/04\/photo-6-768x900.jpg 768w, https:\/\/www.6loupiots.fr\/wp-content\/uploads\/2020\/04\/photo-6-1310x1536.jpg 1310w, https:\/\/www.6loupiots.fr\/wp-content\/uploads\/2020\/04\/photo-6-1024x1200.jpg 1024w, https:\/\/www.6loupiots.fr\/wp-content\/uploads\/2020\/04\/photo-6-921x1080.jpg 921w, https:\/\/www.6loupiots.fr\/wp-content\/uploads\/2020\/04\/photo-6.jpg 1638w\" sizes=\"(max-width: 256px) 100vw, 256px\" \/><\/p>\t\t\t\t\t\t\t\t<\/div>\n\t\t\t\t<\/div>\n\t\t\t\t\t<\/div>\n\t\t<\/div>\n\t\t\t\t\t<\/div>\n\t\t<\/section>\n\t\t\t\t<section class=\"elementor-section elementor-top-section elementor-element elementor-element-651f220 elementor-section-boxed elementor-section-height-default elementor-section-height-default\" data-id=\"651f220\" data-element_type=\"section\" data-e-type=\"section\">\n\t\t\t\t\t\t<div class=\"elementor-container elementor-column-gap-default\">\n\t\t\t\t\t<div class=\"elementor-column elementor-col-100 elementor-top-column elementor-element elementor-element-85aa956\" data-id=\"85aa956\" data-element_type=\"column\" data-e-type=\"column\">\n\t\t\t<div class=\"elementor-widget-wrap elementor-element-populated\">\n\t\t\t\t\t\t<div class=\"elementor-element elementor-element-ce1d6a5 elementor-widget elementor-widget-text-editor\" data-id=\"ce1d6a5\" data-element_type=\"widget\" data-e-type=\"widget\" data-widget_type=\"text-editor.default\">\n\t\t\t\t<div class=\"elementor-widget-container\">\n\t\t\t\t\t\t\t\t\t<h4><span style=\"color: #800080;\"><strong>Les b\u00e9n\u00e9voles de l\u2019association\u00a0<\/strong><\/span><\/h4>\t\t\t\t\t\t\t\t<\/div>\n\t\t\t\t<\/div>\n\t\t\t\t\t<\/div>\n\t\t<\/div>\n\t\t\t\t\t<\/div>\n\t\t<\/section>\n\t\t\t\t<section class=\"elementor-section elementor-top-section elementor-element elementor-element-2217297 elementor-section-boxed elementor-section-height-default elementor-section-height-default\" data-id=\"2217297\" data-element_type=\"section\" data-e-type=\"section\">\n\t\t\t\t\t\t<div class=\"elementor-container elementor-column-gap-default\">\n\t\t\t\t\t<div class=\"elementor-column elementor-col-100 elementor-top-column elementor-element elementor-element-3bc40d9\" data-id=\"3bc40d9\" data-element_type=\"column\" data-e-type=\"column\">\n\t\t\t<div class=\"elementor-widget-wrap elementor-element-populated\">\n\t\t\t\t\t\t<div class=\"elementor-element elementor-element-e82e1cd elementor-widget elementor-widget-text-editor\" data-id=\"e82e1cd\" data-element_type=\"widget\" data-e-type=\"widget\" data-widget_type=\"text-editor.default\">\n\t\t\t\t<div class=\"elementor-widget-container\">\n\t\t\t\t\t\t\t\t\t<p><strong>Membres b\u00e9n\u00e9voles du bureau :<\/strong> Briel Guillaume (Pr\u00e9sident), Gerphagnon M\u00e9lanie (Tr\u00e9sori\u00e8re), Barbier Fanny (Vice-tr\u00e9sori\u00e8re), Marie Sagnol (secr\u00e9taire)<\/p><p><strong>Membres b\u00e9n\u00e9voles du conseil d\u2019administration :\u00a0<\/strong>\u00a0Martin No\u00eblle, M\u00e9alier R\u00e9my, Sagnol Marie, Claire Bernaud<em><br \/><\/em><\/p>\t\t\t\t\t\t\t\t<\/div>\n\t\t\t\t<\/div>\n\t\t\t\t\t<\/div>\n\t\t<\/div>\n\t\t\t\t\t<\/div>\n\t\t<\/section>\n\t\t\t\t<section class=\"elementor-section elementor-top-section elementor-element elementor-element-26304b5 elementor-section-boxed elementor-section-height-default elementor-section-height-default\" data-id=\"26304b5\" data-element_type=\"section\" data-e-type=\"section\">\n\t\t\t\t\t\t<div class=\"elementor-container elementor-column-gap-default\">\n\t\t\t\t\t<div class=\"elementor-column elementor-col-100 elementor-top-column elementor-element elementor-element-892d6ef\" data-id=\"892d6ef\" data-element_type=\"column\" data-e-type=\"column\">\n\t\t\t<div class=\"elementor-widget-wrap elementor-element-populated\">\n\t\t\t\t\t\t<div class=\"elementor-element elementor-element-7b90e1a elementor-widget elementor-widget-text-editor\" data-id=\"7b90e1a\" data-element_type=\"widget\" data-e-type=\"widget\" data-widget_type=\"text-editor.default\">\n\t\t\t\t<div class=\"elementor-widget-container\">\n\t\t\t\t\t\t\t\t\t<h4><span style=\"color: #800080;\"><strong>Les salari\u00e9s<\/strong><\/span><\/h4>\t\t\t\t\t\t\t\t<\/div>\n\t\t\t\t<\/div>\n\t\t\t\t\t<\/div>\n\t\t<\/div>\n\t\t\t\t\t<\/div>\n\t\t<\/section>\n\t\t\t\t<section class=\"elementor-section elementor-top-section elementor-element elementor-element-81e05e8 elementor-section-boxed elementor-section-height-default elementor-section-height-default\" data-id=\"81e05e8\" data-element_type=\"section\" data-e-type=\"section\">\n\t\t\t\t\t\t<div class=\"elementor-container elementor-column-gap-default\">\n\t\t\t\t\t<div class=\"elementor-column elementor-col-100 elementor-top-column elementor-element elementor-element-f844c8b\" data-id=\"f844c8b\" data-element_type=\"column\" data-e-type=\"column\">\n\t\t\t<div class=\"elementor-widget-wrap elementor-element-populated\">\n\t\t\t\t\t\t<div class=\"elementor-element elementor-element-d3ef8f5 elementor-widget elementor-widget-text-editor\" data-id=\"d3ef8f5\" data-element_type=\"widget\" data-e-type=\"widget\" data-widget_type=\"text-editor.default\">\n\t\t\t\t<div class=\"elementor-widget-container\">\n\t\t\t\t\t\t\t\t\t<p><strong>Le personnel salari\u00e9&nbsp;:<\/strong> il se compose de 3 professionnels dipl\u00f4m\u00e9s Bac+3 au Relais Petite Enfance (\u00e9ducatrice de jeune enfant, conseill\u00e8re en \u00e9conomie sociale et familiale) et de 7 professionnels \u00e0 la Micro-Cr\u00e8che (\u00e9ducatrice de jeune enfant, Auxiliaire pu\u00e9ricultrice, CAP petite enfance).<\/p>\n<p><a href=\"http:\/\/www.6loupiots.fr\/?page_id=3563\">Micro-cr\u00e8che<\/a> : Anne MORO, C\u00e9line VACHER, Catherine PONCET, Marie BASSET, Marine TALARON, Laura MAISONNIAL, Catherine HENRION, Elodie FOURNEL, Marie-Charlotte LAMARE<br><\/p>\n<p><a href=\"http:\/\/www.6loupiots.fr\/?page_id=3554\">Relais petite enfance<\/a> : 3 responsables de RPE : Anne MORO, V\u00e9ronique BERNARDO-POINAS, Honorine LAVASTRE<\/p>\t\t\t\t\t\t\t\t<\/div>\n\t\t\t\t<\/div>\n\t\t\t\t\t<\/div>\n\t\t<\/div>\n\t\t\t\t\t<\/div>\n\t\t<\/section>\n\t\t\t\t<\/div>\n\t\t","protected":false},"excerpt":{"rendered":"<p>La communaut\u00e9 de Communes Marches du Velay Rochebaron exerce la comp\u00e9tence \u201cEnfance Jeunesse\u201d. Afin de r\u00e9pondre aux attentes de la population \u201cMarches du Velay Rochebaron\u201d, la communaut\u00e9 de communes a conclu, avec la Caisse d\u2019Allocations Familiales, un contrat enfance jeunesse qui permet de financer en partie le fonctionnement des \u00e9quipements petite enfance et jeunesse (cr\u00e8ches,&hellip; <br \/> <a class=\"button small blue\" href=\"https:\/\/www.6loupiots.fr\/?page_id=4405\">Lire la suite<\/a><\/p>\n","protected":false},"author":1,"featured_media":0,"parent":0,"menu_order":0,"comment_status":"closed","ping_status":"closed","template":"","meta":{"_monsterinsights_skip_tracking":false,"_monsterinsights_sitenote_active":false,"_monsterinsights_sitenote_note":"","_monsterinsights_sitenote_category":0,"ngg_post_thumbnail":0,"footnotes":""},"class_list":["post-4405","page","type-page","status-publish","hentry"],"jetpack_sharing_enabled":true,"post_mailing_queue_ids":[],"_links":{"self":[{"href":"https:\/\/www.6loupiots.fr\/index.php?rest_route=\/wp\/v2\/pages\/4405","targetHints":{"allow":["GET"]}}],"collection":[{"href":"https:\/\/www.6loupiots.fr\/index.php?rest_route=\/wp\/v2\/pages"}],"about":[{"href":"https:\/\/www.6loupiots.fr\/index.php?rest_route=\/wp\/v2\/types\/page"}],"author":[{"embeddable":true,"href":"https:\/\/www.6loupiots.fr\/index.php?rest_route=\/wp\/v2\/users\/1"}],"replies":[{"embeddable":true,"href":"https:\/\/www.6loupiots.fr\/index.php?rest_route=%2Fwp%2Fv2%2Fcomments&post=4405"}],"version-history":[{"count":36,"href":"https:\/\/www.6loupiots.fr\/index.php?rest_route=\/wp\/v2\/pages\/4405\/revisions"}],"predecessor-version":[{"id":9810,"href":"https:\/\/www.6loupiots.fr\/index.php?rest_route=\/wp\/v2\/pages\/4405\/revisions\/9810"}],"wp:attachment":[{"href":"https:\/\/www.6loupiots.fr\/index.php?rest_route=%2Fwp%2Fv2%2Fmedia&parent=4405"}],"curies":[{"name":"wp","href":"https:\/\/api.w.org\/{rel}","templated":true}]}}