{"id":4355,"date":"2020-04-20T19:20:59","date_gmt":"2020-04-20T17:20:59","guid":{"rendered":"http:\/\/www.6loupiots.fr\/?page_id=4355"},"modified":"2020-07-23T18:10:27","modified_gmt":"2020-07-23T16:10:27","slug":"laccueil-administratif-sur-le-territoire","status":"publish","type":"page","link":"https:\/\/www.6loupiots.fr\/?page_id=4355","title":{"rendered":"L\u2019accueil administratif sur le territoire"},"content":{"rendered":"\t\t<div data-elementor-type=\"wp-page\" data-elementor-id=\"4355\" class=\"elementor elementor-4355\">\n\t\t\t\t\t\t<section class=\"elementor-section elementor-top-section elementor-element elementor-element-bac64ba elementor-section-boxed elementor-section-height-default elementor-section-height-default\" data-id=\"bac64ba\" data-element_type=\"section\" data-e-type=\"section\">\n\t\t\t\t\t\t<div class=\"elementor-container elementor-column-gap-default\">\n\t\t\t\t\t<div class=\"elementor-column elementor-col-100 elementor-top-column elementor-element elementor-element-662e80e\" data-id=\"662e80e\" data-element_type=\"column\" data-e-type=\"column\">\n\t\t\t<div class=\"elementor-widget-wrap elementor-element-populated\">\n\t\t\t\t\t\t<div class=\"elementor-element elementor-element-572fb9d elementor-widget elementor-widget-text-editor\" data-id=\"572fb9d\" data-element_type=\"widget\" data-e-type=\"widget\" data-widget_type=\"text-editor.default\">\n\t\t\t\t<div class=\"elementor-widget-container\">\n\t\t\t\t\t\t\t\t\t<p>Le relais petite enfance dispose d\u2019un bureau administratif sur chaque commune d\u2019intervention. Vous pouvez visualiser sur cette carte les diff\u00e9rents lieux administratifs\u00a0; Le si\u00e8ge administratif central du service est situ\u00e9 P\u00f4le petite enfance de Monistrol sur Loire, 12 b avenue Charles de gaulle.<\/p>\t\t\t\t\t\t\t\t<\/div>\n\t\t\t\t<\/div>\n\t\t\t\t\t<\/div>\n\t\t<\/div>\n\t\t\t\t\t<\/div>\n\t\t<\/section>\n\t\t\t\t<section class=\"elementor-section elementor-top-section elementor-element elementor-element-88faa19 elementor-section-boxed elementor-section-height-default elementor-section-height-default\" data-id=\"88faa19\" data-element_type=\"section\" data-e-type=\"section\">\n\t\t\t\t\t\t<div class=\"elementor-container elementor-column-gap-default\">\n\t\t\t\t\t<div class=\"elementor-column elementor-col-100 elementor-top-column elementor-element elementor-element-c4b5e1a\" data-id=\"c4b5e1a\" data-element_type=\"column\" data-e-type=\"column\">\n\t\t\t<div class=\"elementor-widget-wrap elementor-element-populated\">\n\t\t\t\t\t\t<div class=\"elementor-element elementor-element-06b27c6 elementor-widget elementor-widget-image\" data-id=\"06b27c6\" data-element_type=\"widget\" data-e-type=\"widget\" data-widget_type=\"image.default\">\n\t\t\t\t<div class=\"elementor-widget-container\">\n\t\t\t\t\t\t\t\t\t\t\t\t\t\t\t<img fetchpriority=\"high\" decoding=\"async\" width=\"1024\" height=\"576\" src=\"https:\/\/www.6loupiots.fr\/wp-content\/uploads\/2020\/04\/les-lieux-administratifs-1024x576.jpg\" class=\"attachment-large size-large wp-image-4393\" alt=\"\" srcset=\"https:\/\/www.6loupiots.fr\/wp-content\/uploads\/2020\/04\/les-lieux-administratifs-1024x576.jpg 1024w, https:\/\/www.6loupiots.fr\/wp-content\/uploads\/2020\/04\/les-lieux-administratifs-300x169.jpg 300w, https:\/\/www.6loupiots.fr\/wp-content\/uploads\/2020\/04\/les-lieux-administratifs-768x432.jpg 768w, https:\/\/www.6loupiots.fr\/wp-content\/uploads\/2020\/04\/les-lieux-administratifs.jpg 1280w\" sizes=\"(max-width: 1024px) 100vw, 1024px\" \/>\t\t\t\t\t\t\t\t\t\t\t\t\t\t\t<\/div>\n\t\t\t\t<\/div>\n\t\t\t\t\t<\/div>\n\t\t<\/div>\n\t\t\t\t\t<\/div>\n\t\t<\/section>\n\t\t\t\t<section class=\"elementor-section elementor-top-section elementor-element elementor-element-d0d3a9f elementor-section-boxed elementor-section-height-default elementor-section-height-default\" data-id=\"d0d3a9f\" data-element_type=\"section\" data-e-type=\"section\">\n\t\t\t\t\t\t<div class=\"elementor-container elementor-column-gap-default\">\n\t\t\t\t\t<div class=\"elementor-column elementor-col-100 elementor-top-column elementor-element elementor-element-387e8ea\" data-id=\"387e8ea\" data-element_type=\"column\" data-e-type=\"column\" data-settings=\"{&quot;background_background&quot;:&quot;gradient&quot;}\">\n\t\t\t<div class=\"elementor-widget-wrap elementor-element-populated\">\n\t\t\t\t\t\t<div class=\"elementor-element elementor-element-d5e970a elementor-widget elementor-widget-text-editor\" data-id=\"d5e970a\" data-element_type=\"widget\" data-e-type=\"widget\" data-widget_type=\"text-editor.default\">\n\t\t\t\t<div class=\"elementor-widget-container\">\n\t\t\t\t\t\t\t\t\t<h4>Les familles et assistants maternels sont re\u00e7us <span style=\"color: red;\">sur rendez-vous<\/span>, avec des possibilit\u00e9s de rendez-vous <span style=\"text-decoration: underline; color: #800080;\">du lundi au vendredi<\/span>. <span style=\"text-decoration: underline;\"><em>(Hors fermeture administrative\u00a0du service du 03\/08\/20 au 21\/08\/20)<\/em><\/span><\/h4><h4><strong><span style=\"color: red;\"><a href=\"http:\/\/www.6loupiots.fr\/?page_id=3946\">Faire une demande de rendez-vous.<\/a><\/span><\/strong><\/h4><h4><strong>Vous pouvez \u00e9galement nous joindre au\u00a0: <\/strong><\/h4><h4 style=\"text-align: center;\"><strong><u>04 71 66 38 16\u00a0<\/u><\/strong><\/h4><h4><strong>Merci de nous laisser un message sur cette ligne fixe afin que nous puissions vous rappeler dans les plus brefs d\u00e9lais.<\/strong><\/h4>\t\t\t\t\t\t\t\t<\/div>\n\t\t\t\t<\/div>\n\t\t\t\t\t<\/div>\n\t\t<\/div>\n\t\t\t\t\t<\/div>\n\t\t<\/section>\n\t\t\t\t<section class=\"elementor-section elementor-top-section elementor-element elementor-element-2641d93 elementor-section-boxed elementor-section-height-default elementor-section-height-default\" data-id=\"2641d93\" data-element_type=\"section\" data-e-type=\"section\">\n\t\t\t\t\t\t<div class=\"elementor-container elementor-column-gap-default\">\n\t\t\t\t\t<div class=\"elementor-column elementor-col-50 elementor-top-column elementor-element elementor-element-93e39c0\" data-id=\"93e39c0\" data-element_type=\"column\" data-e-type=\"column\">\n\t\t\t<div class=\"elementor-widget-wrap elementor-element-populated\">\n\t\t\t\t\t\t<div class=\"elementor-element elementor-element-c1dd201 elementor-invisible elementor-widget elementor-widget-image\" data-id=\"c1dd201\" data-element_type=\"widget\" data-e-type=\"widget\" data-settings=\"{&quot;_animation&quot;:&quot;pulse&quot;}\" data-widget_type=\"image.default\">\n\t\t\t\t<div class=\"elementor-widget-container\">\n\t\t\t\t\t\t\t\t\t\t\t\t\t\t\t<img decoding=\"async\" width=\"640\" height=\"424\" src=\"https:\/\/www.6loupiots.fr\/wp-content\/uploads\/2020\/05\/soft-4907219_640.jpg\" class=\"attachment-large size-large wp-image-4789\" alt=\"\" srcset=\"https:\/\/www.6loupiots.fr\/wp-content\/uploads\/2020\/05\/soft-4907219_640.jpg 640w, https:\/\/www.6loupiots.fr\/wp-content\/uploads\/2020\/05\/soft-4907219_640-300x199.jpg 300w\" sizes=\"(max-width: 640px) 100vw, 640px\" \/>\t\t\t\t\t\t\t\t\t\t\t\t\t\t\t<\/div>\n\t\t\t\t<\/div>\n\t\t\t\t\t<\/div>\n\t\t<\/div>\n\t\t\t\t<div class=\"elementor-column elementor-col-50 elementor-top-column elementor-element elementor-element-0a0d974\" data-id=\"0a0d974\" data-element_type=\"column\" data-e-type=\"column\">\n\t\t\t<div class=\"elementor-widget-wrap elementor-element-populated\">\n\t\t\t\t\t\t<div class=\"elementor-element elementor-element-b462abf elementor-widget elementor-widget-text-editor\" data-id=\"b462abf\" data-element_type=\"widget\" data-e-type=\"widget\" data-widget_type=\"text-editor.default\">\n\t\t\t\t<div class=\"elementor-widget-container\">\n\t\t\t\t\t\t\t\t\t<p>Les professionnels titulaires d\u2019un dipl\u00f4me sup\u00e9rieur (Bac +3) de la petite enfance\u00a0et du travail social \u00e0 votre \u00e9coute sont :<\/p><p><strong>Anne MORO<\/strong>, \u00e9ducatrice de jeunes enfants (07 87 06 46 16)<\/p><p><strong>V\u00e9ronique BERNARDO-POINAS<\/strong>, conseill\u00e8re en \u00e9conomie sociale et familiale (06 73 05 26 35)<\/p><p><strong>Honorine LAVASTRE<\/strong>, \u00e9ducatrice de jeunes enfants (07 86 32 08 38)<\/p><p>Chaque professionnel est muni d\u2019une ligne portable afin de vous r\u00e9pondre au mieux\u00a0; toutefois, dans un souci de continuit\u00e9 de service et organisation, il est pr\u00e9f\u00e9rable de nous joindre prioritairement sur la ligne fixe au 04 71 66 38 16 et de nous laisser un message sur cette messagerie.<\/p>\t\t\t\t\t\t\t\t<\/div>\n\t\t\t\t<\/div>\n\t\t\t\t\t<\/div>\n\t\t<\/div>\n\t\t\t\t\t<\/div>\n\t\t<\/section>\n\t\t\t\t<section class=\"elementor-section elementor-top-section elementor-element elementor-element-f9cdc93 elementor-section-boxed elementor-section-height-default elementor-section-height-default\" data-id=\"f9cdc93\" data-element_type=\"section\" data-e-type=\"section\">\n\t\t\t\t\t\t<div class=\"elementor-container elementor-column-gap-default\">\n\t\t\t\t\t<div class=\"elementor-column elementor-col-100 elementor-top-column elementor-element elementor-element-0e008ed\" data-id=\"0e008ed\" data-element_type=\"column\" data-e-type=\"column\">\n\t\t\t<div class=\"elementor-widget-wrap elementor-element-populated\">\n\t\t\t\t\t\t<div class=\"elementor-element elementor-element-cb5545a elementor-widget elementor-widget-text-editor\" data-id=\"cb5545a\" data-element_type=\"widget\" data-e-type=\"widget\" data-widget_type=\"text-editor.default\">\n\t\t\t\t<div class=\"elementor-widget-container\">\n\t\t\t\t\t\t\t\t\t<p><span style=\"text-decoration: underline;\">Remarque&nbsp;:<\/span> les familles des communes de Bas en Basset (et communes voisines Boisset, Malvalette, Saint Andr\u00e9 de Chalencon, Saint Pal de Chalancon, Solignac sous Rouche, Tiranges, Valprivas) sont inform\u00e9es par un relais petite enfance voisin qui se nomme \u00ab&nbsp;La Farandole&nbsp;\u00bb&nbsp;<\/p>\n<p><a href=\"https:\/\/www.marchesduvelayrochebaron.fr\/eveil\/relais-petite-enfance-la-farandole\/\" target=\"_blank\" rel=\"noopener\">Plus d&rsquo;informations sur le relais La Farandole.<\/a><\/p>\t\t\t\t\t\t\t\t<\/div>\n\t\t\t\t<\/div>\n\t\t\t\t\t<\/div>\n\t\t<\/div>\n\t\t\t\t\t<\/div>\n\t\t<\/section>\n\t\t\t\t<\/div>\n\t\t","protected":false},"excerpt":{"rendered":"<p>Le relais petite enfance dispose d\u2019un bureau administratif sur chaque commune d\u2019intervention. Vous pouvez visualiser sur cette carte les diff\u00e9rents lieux administratifs\u00a0; Le si\u00e8ge administratif central du service est situ\u00e9 P\u00f4le petite enfance de Monistrol sur Loire, 12 b avenue Charles de gaulle. Les familles et assistants maternels sont re\u00e7us sur rendez-vous, avec des possibilit\u00e9s&hellip; <br \/> <a class=\"button small blue\" href=\"https:\/\/www.6loupiots.fr\/?page_id=4355\">Lire la suite<\/a><\/p>\n","protected":false},"author":1,"featured_media":0,"parent":135,"menu_order":0,"comment_status":"closed","ping_status":"closed","template":"","meta":{"_monsterinsights_skip_tracking":false,"_monsterinsights_sitenote_active":false,"_monsterinsights_sitenote_note":"","_monsterinsights_sitenote_category":0,"ngg_post_thumbnail":0,"footnotes":""},"class_list":["post-4355","page","type-page","status-publish","hentry"],"jetpack_sharing_enabled":true,"post_mailing_queue_ids":[],"_links":{"self":[{"href":"https:\/\/www.6loupiots.fr\/index.php?rest_route=\/wp\/v2\/pages\/4355","targetHints":{"allow":["GET"]}}],"collection":[{"href":"https:\/\/www.6loupiots.fr\/index.php?rest_route=\/wp\/v2\/pages"}],"about":[{"href":"https:\/\/www.6loupiots.fr\/index.php?rest_route=\/wp\/v2\/types\/page"}],"author":[{"embeddable":true,"href":"https:\/\/www.6loupiots.fr\/index.php?rest_route=\/wp\/v2\/users\/1"}],"replies":[{"embeddable":true,"href":"https:\/\/www.6loupiots.fr\/index.php?rest_route=%2Fwp%2Fv2%2Fcomments&post=4355"}],"version-history":[{"count":31,"href":"https:\/\/www.6loupiots.fr\/index.php?rest_route=\/wp\/v2\/pages\/4355\/revisions"}],"predecessor-version":[{"id":5688,"href":"https:\/\/www.6loupiots.fr\/index.php?rest_route=\/wp\/v2\/pages\/4355\/revisions\/5688"}],"up":[{"embeddable":true,"href":"https:\/\/www.6loupiots.fr\/index.php?rest_route=\/wp\/v2\/pages\/135"}],"wp:attachment":[{"href":"https:\/\/www.6loupiots.fr\/index.php?rest_route=%2Fwp%2Fv2%2Fmedia&parent=4355"}],"curies":[{"name":"wp","href":"https:\/\/api.w.org\/{rel}","templated":true}]}}