{"id":4292,"date":"2020-04-20T18:07:36","date_gmt":"2020-04-20T16:07:36","guid":{"rendered":"http:\/\/www.6loupiots.fr\/?page_id=4292"},"modified":"2022-04-22T12:37:19","modified_gmt":"2022-04-22T10:37:19","slug":"je-suis-en-arret-maladie","status":"publish","type":"page","link":"https:\/\/www.6loupiots.fr\/?page_id=4292","title":{"rendered":"Je suis en arr\u00eat maladie"},"content":{"rendered":"\t\t<div data-elementor-type=\"wp-page\" data-elementor-id=\"4292\" class=\"elementor elementor-4292\">\n\t\t\t\t\t\t<section class=\"elementor-section elementor-top-section elementor-element elementor-element-d99607d elementor-section-boxed elementor-section-height-default elementor-section-height-default\" data-id=\"d99607d\" data-element_type=\"section\" data-e-type=\"section\">\n\t\t\t\t\t\t<div class=\"elementor-container elementor-column-gap-default\">\n\t\t\t\t\t<div class=\"elementor-column elementor-col-100 elementor-top-column elementor-element elementor-element-a9e24f2\" data-id=\"a9e24f2\" data-element_type=\"column\" data-e-type=\"column\">\n\t\t\t<div class=\"elementor-widget-wrap elementor-element-populated\">\n\t\t\t\t\t\t<div class=\"elementor-element elementor-element-836923e elementor-widget elementor-widget-text-editor\" data-id=\"836923e\" data-element_type=\"widget\" data-e-type=\"widget\" data-widget_type=\"text-editor.default\">\n\t\t\t\t<div class=\"elementor-widget-container\">\n\t\t\t\t\t\t\t\t\t<p>Un arr\u00eat de travail peut survenir au cours de votre p\u00e9riode d\u2019emploi. Qu\u2019il soit caus\u00e9 par une maladie ou un accident, vous devez respecter certaines d\u00e9marches qui vous permettront de b\u00e9n\u00e9ficier d\u2019indemnit\u00e9s journali\u00e8res.<\/p>\t\t\t\t\t\t\t\t<\/div>\n\t\t\t\t<\/div>\n\t\t\t\t\t<\/div>\n\t\t<\/div>\n\t\t\t\t\t<\/div>\n\t\t<\/section>\n\t\t\t\t<section class=\"elementor-section elementor-top-section elementor-element elementor-element-85accf5 elementor-section-boxed elementor-section-height-default elementor-section-height-default\" data-id=\"85accf5\" data-element_type=\"section\" data-e-type=\"section\">\n\t\t\t\t\t\t<div class=\"elementor-container elementor-column-gap-default\">\n\t\t\t\t\t<div class=\"elementor-column elementor-col-50 elementor-top-column elementor-element elementor-element-8b012d1\" data-id=\"8b012d1\" data-element_type=\"column\" data-e-type=\"column\">\n\t\t\t<div class=\"elementor-widget-wrap elementor-element-populated\">\n\t\t\t\t\t\t<div class=\"elementor-element elementor-element-186515c elementor-widget elementor-widget-text-editor\" data-id=\"186515c\" data-element_type=\"widget\" data-e-type=\"widget\" data-widget_type=\"text-editor.default\">\n\t\t\t\t<div class=\"elementor-widget-container\">\n\t\t\t\t\t\t\t\t\t<h4><span style=\"color: #800080;\"><strong>Les arr\u00eats de travail \u00ab maladie \u00bb<\/strong><\/span><\/h4><p>Vous vous trouvez dans l\u2019incapacit\u00e9 temporaire de travailler. Votre m\u00e9decin vous a prescrit un arr\u00eat de travail : la Caisse primaire d\u2019assurance maladie (Cpam) peut, sous conditions, prendre en charge la perte de salaire caus\u00e9e par votre arr\u00eat de travail.<br \/>L\u2019Ircem pr\u00e9voyance peut \u00e9galement intervenir en compl\u00e9ment des indemnit\u00e9s journali\u00e8res de la S\u00e9curit\u00e9 sociale.<\/p><p><strong>Attention<\/strong> : n&rsquo;envoyez pas votre arr\u00eat de travail au centre national Pajemploi mais \u00e0 la Cpam dont vous d\u00e9pendez.<\/p><p><img fetchpriority=\"high\" decoding=\"async\" class=\"alignright wp-image-4520 size-medium\" src=\"http:\/\/www.6loupiots.fr\/wp-content\/uploads\/2020\/04\/ambulance-2166079_640-203x300.jpg\" alt=\"\" width=\"203\" height=\"300\" srcset=\"https:\/\/www.6loupiots.fr\/wp-content\/uploads\/2020\/04\/ambulance-2166079_640-203x300.jpg 203w, https:\/\/www.6loupiots.fr\/wp-content\/uploads\/2020\/04\/ambulance-2166079_640.jpg 432w\" sizes=\"(max-width: 203px) 100vw, 203px\" \/><\/p><p><strong>Les d\u00e9marches<\/strong><\/p><p>Vous envoyez dans les 48 h :<\/p><ul><li>\u00e0 votre Cpam, les volets 1 et 2 du formulaire d\u2019avis d\u2019arr\u00eat de travail d\u00e9livr\u00e9 par votre m\u00e9decin\u00a0;<\/li><li>\u00e0 votre employeur, le volet 3 (si vous avez plusieurs employeurs, envoyez une photocopie de ce volet \u00e0 chacun d\u2019entre-eux).<\/li><\/ul><p>Contactez l\u2019<a href=\"https:\/\/www.ircem.com\">Ircem Pr\u00e9voyance<\/a> pour demander un bordereau de demande d\u2019indemnisation.<\/p><p><strong>Le versement d\u2019indemnit\u00e9s journali\u00e8res (IJ)<\/strong><\/p><p>En cas d\u2019arr\u00eat de travail, les indemnit\u00e9s journali\u00e8res vers\u00e9es par votre Cpam compensent partiellement la perte de salaire occasionn\u00e9e par l\u2019interruption de votre activit\u00e9 professionnelle.<\/p><p>Vous pouvez \u00e9galement percevoir, sous certaines conditions, de la part de l\u2019Ircem Pr\u00e9voyance des indemnit\u00e9s compl\u00e9mentaires \u00e0 celles vers\u00e9es par la Cpam.<\/p><p>Pour en savoir plus, consultez les sites Internet <a href=\"https:\/\/www.ameli.fr\">www.ameli.fr<\/a>, et <a href=\"https:\/\/www.ircem.com\">www.ircem.com<\/a>.<\/p><p><strong>Les impacts de l\u2019arr\u00eat de travail sur le contrat de travail<\/strong><\/p><p>L\u2019arr\u00eat de travail ne rompt pas votre contrat de travail mais il le suspend.<\/p>\t\t\t\t\t\t\t\t<\/div>\n\t\t\t\t<\/div>\n\t\t\t\t\t<\/div>\n\t\t<\/div>\n\t\t\t\t<div class=\"elementor-column elementor-col-50 elementor-top-column elementor-element elementor-element-75da38f\" data-id=\"75da38f\" data-element_type=\"column\" data-e-type=\"column\">\n\t\t\t<div class=\"elementor-widget-wrap elementor-element-populated\">\n\t\t\t\t\t\t<div class=\"elementor-element elementor-element-cb74634 elementor-widget elementor-widget-text-editor\" data-id=\"cb74634\" data-element_type=\"widget\" data-e-type=\"widget\" data-widget_type=\"text-editor.default\">\n\t\t\t\t<div class=\"elementor-widget-container\">\n\t\t\t\t\t\t\t\t\t<p><span style=\"color: #800080;\"><strong>Les arr\u00eats suite \u00e0 un \u00ab accident du travail \u00bb<\/strong><\/span><\/p><p>\u00c0 l&rsquo;origine de l&rsquo;accident du travail, deux \u00e9l\u00e9ments doivent \u00eatre retrouv\u00e9s :<\/p><ul><li>un fait accidentel pouvant \u00eatre dat\u00e9 avec pr\u00e9cision et qui est \u00e0 l&rsquo;origine d&rsquo;une l\u00e9sion (corporelle ou psychique) ;<\/li><li>l&rsquo;existence d&rsquo;un lien de subordination entre la victime et son employeur au moment de l&rsquo;accident.<\/li><\/ul><p><strong>Les d\u00e9marches<\/strong><\/p><ul><li>Dans les 24 heures, informez votre employeur de l&rsquo;accident. Pr\u00e9cisez-lui les lieux et circonstances, l&rsquo;identit\u00e9 des t\u00e9moins \u00e9ventuels et du tiers responsable \u00e9ventuel. Votre employeur a ensuite 48 heures pour d\u00e9clarer l&rsquo;accident \u00e0 votre Cpam ;<\/li><li>Faites \u00e9tablir dans les plus brefs d\u00e9lais un certificat m\u00e9dical initial par votre m\u00e9decin traitant ;<\/li><li>En cas d&rsquo;arr\u00eat de travail, le m\u00e9decin vous d\u00e9livre un certificat d&rsquo;arr\u00eat de travail, \u00e0 remettre \u00e0 votre employeur. Adressez les volets 1 et 2 \u00e0 votre Cpam et conservez le volet 3 ;<\/li><li>Votre employeur doit vous fournir une feuille d&rsquo;accident du travail, \u00e0 conserver pr\u00e9cieusement : elle vous ouvre droit \u00e0 une prise en charge \u00e0 100 % des frais m\u00e9dicaux li\u00e9s \u00e0 votre accident, dans la limite des tarifs de base de l&rsquo;Assurance Maladie, sans avance de frais.<\/li><\/ul><p><strong>Le versement d\u2019indemnit\u00e9s journali\u00e8res<\/strong><\/p><p>En cas d\u2019accident du travail, pour compenser votre perte de salaire, vous pouvez percevoir des indemnit\u00e9s journali\u00e8res vers\u00e9es par votre Cpam.<\/p><p>Vous pouvez \u00e9galement percevoir, sous certaines conditions, de la part de l\u2019Ircem Pr\u00e9voyance des indemnit\u00e9s compl\u00e9mentaires \u00e0 celles vers\u00e9es par la Cpam.<\/p><p>Pour en savoir plus, consultez les sites Internet <a href=\"https:\/\/www.ameli.fr\">www.ameli.fr<\/a>, et <a href=\"https:\/\/www.ircem.com\">www.ircem.com<\/a>.<\/p><p><strong>Les impacts de l\u2019arr\u00eat de travail sur le contrat de travail<\/strong><\/p><p>L\u2019arr\u00eat de travail ne rompt pas votre contrat de travail mais il le suspend.<\/p><p><strong>Attention<\/strong> : d\u00e8s r\u00e9ception de votre d\u00e9claration d&rsquo;accident et du certificat m\u00e9dical d\u00e9crivant les l\u00e9sions, votre Caisse Primaire d&rsquo;Assurance Maladie dispose de <strong>30 jours<\/strong> pour se prononcer sur le caract\u00e8re professionnel ou non de votre accident. Elle peut toutefois recourir \u00e0 <strong>un d\u00e9lai compl\u00e9mentaire de 2 mois<\/strong> si le dossier est complexe, mais doit auparavant vous avertir ainsi que votre employeur par lettre recommand\u00e9e avec accus\u00e9 de r\u00e9ception.<\/p><p>Pour en savoir plus, consultez les sites Internet <a href=\"https:\/\/www.ameli.fr\/assures\/droits-et-demarches\/par-situation-medicale\/vous-etes-victime-d-un-accident\/que-faire-en-cas-d-8217-accident-du-travail\/comment-declarer-votre-accident-de-travail.php\">www.ameli.fr<\/a>, et <a href=\"https:\/\/www.ircem.com\">www.ircem.com<\/a>.<\/p>\t\t\t\t\t\t\t\t<\/div>\n\t\t\t\t<\/div>\n\t\t\t\t\t<\/div>\n\t\t<\/div>\n\t\t\t\t\t<\/div>\n\t\t<\/section>\n\t\t\t\t<section class=\"elementor-section elementor-top-section elementor-element elementor-element-8b7492a elementor-section-boxed elementor-section-height-default elementor-section-height-default\" data-id=\"8b7492a\" data-element_type=\"section\" data-e-type=\"section\">\n\t\t\t\t\t\t<div class=\"elementor-container elementor-column-gap-default\">\n\t\t\t\t\t<div class=\"elementor-column elementor-col-100 elementor-top-column elementor-element elementor-element-14269ce\" data-id=\"14269ce\" data-element_type=\"column\" data-e-type=\"column\">\n\t\t\t<div class=\"elementor-widget-wrap elementor-element-populated\">\n\t\t\t\t\t\t<div class=\"elementor-element elementor-element-1de2ad0 elementor-widget elementor-widget-text-editor\" data-id=\"1de2ad0\" data-element_type=\"widget\" data-e-type=\"widget\" data-widget_type=\"text-editor.default\">\n\t\t\t\t<div class=\"elementor-widget-container\">\n\t\t\t\t\t\t\t\t\t<h4><span style=\"color: #800080;\">Documents \u00e0 votre disposition<\/span><\/h4>\t\t\t\t\t\t\t\t<\/div>\n\t\t\t\t<\/div>\n\t\t\t\t\t<\/div>\n\t\t<\/div>\n\t\t\t\t\t<\/div>\n\t\t<\/section>\n\t\t\t\t<section class=\"elementor-section elementor-top-section elementor-element elementor-element-2de37d6 elementor-section-boxed elementor-section-height-default elementor-section-height-default\" data-id=\"2de37d6\" data-element_type=\"section\" data-e-type=\"section\">\n\t\t\t\t\t\t<div class=\"elementor-container elementor-column-gap-default\">\n\t\t\t\t\t<div class=\"elementor-column elementor-col-25 elementor-top-column elementor-element elementor-element-8bd5436\" data-id=\"8bd5436\" data-element_type=\"column\" data-e-type=\"column\">\n\t\t\t<div class=\"elementor-widget-wrap elementor-element-populated\">\n\t\t\t\t\t\t<div class=\"elementor-element elementor-element-5c74c9f elementor-position-top elementor-widget elementor-widget-image-box\" data-id=\"5c74c9f\" data-element_type=\"widget\" data-e-type=\"widget\" data-widget_type=\"image-box.default\">\n\t\t\t\t<div class=\"elementor-widget-container\">\n\t\t\t\t\t<div class=\"elementor-image-box-wrapper\"><figure class=\"elementor-image-box-img\"><a href=\"http:\/\/www.6loupiots.fr\/wp-content\/uploads\/2020\/04\/arr\u00eat-maladie-AM-d\u00e9marches.pdf\" target=\"_blank\" tabindex=\"-1\"><img decoding=\"async\" width=\"202\" height=\"300\" src=\"https:\/\/www.6loupiots.fr\/wp-content\/uploads\/2020\/04\/arretAM-202x300.png\" class=\"attachment-medium size-medium wp-image-4514\" alt=\"\" srcset=\"https:\/\/www.6loupiots.fr\/wp-content\/uploads\/2020\/04\/arretAM-202x300.png 202w, https:\/\/www.6loupiots.fr\/wp-content\/uploads\/2020\/04\/arretAM.png 208w\" sizes=\"(max-width: 202px) 100vw, 202px\" \/><\/a><\/figure><div class=\"elementor-image-box-content\"><h4 class=\"elementor-image-box-title\"><a href=\"http:\/\/www.6loupiots.fr\/wp-content\/uploads\/2020\/04\/arr\u00eat-maladie-AM-d\u00e9marches.pdf\" target=\"_blank\">D\u00e9marche <br>arr\u00eat maladie AM<\/a><\/h4><\/div><\/div>\t\t\t\t<\/div>\n\t\t\t\t<\/div>\n\t\t\t\t\t<\/div>\n\t\t<\/div>\n\t\t\t\t<div class=\"elementor-column elementor-col-25 elementor-top-column elementor-element elementor-element-07641be\" data-id=\"07641be\" data-element_type=\"column\" data-e-type=\"column\">\n\t\t\t<div class=\"elementor-widget-wrap elementor-element-populated\">\n\t\t\t\t\t\t<div class=\"elementor-element elementor-element-9b50dc3 elementor-position-top elementor-widget elementor-widget-image-box\" data-id=\"9b50dc3\" data-element_type=\"widget\" data-e-type=\"widget\" data-widget_type=\"image-box.default\">\n\t\t\t\t<div class=\"elementor-widget-container\">\n\t\t\t\t\t<div class=\"elementor-image-box-wrapper\"><figure class=\"elementor-image-box-img\"><a href=\"http:\/\/www.6loupiots.fr\/wp-content\/uploads\/2020\/04\/s3201.pdf\" target=\"_blank\" tabindex=\"-1\"><img decoding=\"async\" width=\"210\" height=\"300\" src=\"https:\/\/www.6loupiots.fr\/wp-content\/uploads\/2020\/04\/s3201-210x300.png\" class=\"attachment-medium size-medium wp-image-4517\" alt=\"\" srcset=\"https:\/\/www.6loupiots.fr\/wp-content\/uploads\/2020\/04\/s3201-210x300.png 210w, https:\/\/www.6loupiots.fr\/wp-content\/uploads\/2020\/04\/s3201.png 219w\" sizes=\"(max-width: 210px) 100vw, 210px\" \/><\/a><\/figure><div class=\"elementor-image-box-content\"><h4 class=\"elementor-image-box-title\"><a href=\"http:\/\/www.6loupiots.fr\/wp-content\/uploads\/2020\/04\/s3201.pdf\" target=\"_blank\">S3201<\/a><\/h4><\/div><\/div>\t\t\t\t<\/div>\n\t\t\t\t<\/div>\n\t\t\t\t\t<\/div>\n\t\t<\/div>\n\t\t\t\t<div class=\"elementor-column elementor-col-25 elementor-top-column elementor-element elementor-element-b6c8e1b\" data-id=\"b6c8e1b\" data-element_type=\"column\" data-e-type=\"column\">\n\t\t\t<div class=\"elementor-widget-wrap elementor-element-populated\">\n\t\t\t\t\t\t<div class=\"elementor-element elementor-element-7703e24 elementor-position-top elementor-widget elementor-widget-image-box\" data-id=\"7703e24\" data-element_type=\"widget\" data-e-type=\"widget\" data-widget_type=\"image-box.default\">\n\t\t\t\t<div class=\"elementor-widget-container\">\n\t\t\t\t\t<div class=\"elementor-image-box-wrapper\"><figure class=\"elementor-image-box-img\"><a href=\"http:\/\/www.6loupiots.fr\/wp-content\/uploads\/2020\/04\/guide_Empl_Particul.pdf\" target=\"_blank\" tabindex=\"-1\"><img loading=\"lazy\" decoding=\"async\" width=\"216\" height=\"300\" src=\"https:\/\/www.6loupiots.fr\/wp-content\/uploads\/2020\/04\/guide-Empl-Part-216x300.png\" class=\"attachment-medium size-medium wp-image-4516\" alt=\"\" srcset=\"https:\/\/www.6loupiots.fr\/wp-content\/uploads\/2020\/04\/guide-Empl-Part-216x300.png 216w, https:\/\/www.6loupiots.fr\/wp-content\/uploads\/2020\/04\/guide-Empl-Part.png 222w\" sizes=\"(max-width: 216px) 100vw, 216px\" \/><\/a><\/figure><div class=\"elementor-image-box-content\"><h4 class=\"elementor-image-box-title\"><a href=\"http:\/\/www.6loupiots.fr\/wp-content\/uploads\/2020\/04\/guide_Empl_Particul.pdf\" target=\"_blank\">Guide employeur<br>pariculier<\/a><\/h4><\/div><\/div>\t\t\t\t<\/div>\n\t\t\t\t<\/div>\n\t\t\t\t\t<\/div>\n\t\t<\/div>\n\t\t\t\t<div class=\"elementor-column elementor-col-25 elementor-top-column elementor-element elementor-element-55f204c\" data-id=\"55f204c\" data-element_type=\"column\" data-e-type=\"column\">\n\t\t\t<div class=\"elementor-widget-wrap elementor-element-populated\">\n\t\t\t\t\t\t<div class=\"elementor-element elementor-element-8934996 elementor-position-top elementor-widget elementor-widget-image-box\" data-id=\"8934996\" data-element_type=\"widget\" data-e-type=\"widget\" data-widget_type=\"image-box.default\">\n\t\t\t\t<div class=\"elementor-widget-container\">\n\t\t\t\t\t<div class=\"elementor-image-box-wrapper\"><figure class=\"elementor-image-box-img\"><a href=\"https:\/\/www.6loupiots.fr\/wp-content\/uploads\/2022\/02\/comprendre-le-calcul-de-labsence-2022.pdf\" target=\"_blank\" tabindex=\"-1\"><img loading=\"lazy\" decoding=\"async\" width=\"202\" height=\"300\" src=\"https:\/\/www.6loupiots.fr\/wp-content\/uploads\/2020\/04\/calcul-absence-202x300.png\" class=\"attachment-medium size-medium wp-image-4515\" alt=\"\" srcset=\"https:\/\/www.6loupiots.fr\/wp-content\/uploads\/2020\/04\/calcul-absence-202x300.png 202w, https:\/\/www.6loupiots.fr\/wp-content\/uploads\/2020\/04\/calcul-absence.png 212w\" sizes=\"(max-width: 202px) 100vw, 202px\" \/><\/a><\/figure><div class=\"elementor-image-box-content\"><h4 class=\"elementor-image-box-title\"><a href=\"https:\/\/www.6loupiots.fr\/wp-content\/uploads\/2022\/02\/comprendre-le-calcul-de-labsence-2022.pdf\" target=\"_blank\">Comprendre le calcul<br> de l'absence<\/a><\/h4><\/div><\/div>\t\t\t\t<\/div>\n\t\t\t\t<\/div>\n\t\t\t\t\t<\/div>\n\t\t<\/div>\n\t\t\t\t\t<\/div>\n\t\t<\/section>\n\t\t\t\t<\/div>\n\t\t","protected":false},"excerpt":{"rendered":"<p>Un arr\u00eat de travail peut survenir au cours de votre p\u00e9riode d\u2019emploi. Qu\u2019il soit caus\u00e9 par une maladie ou un accident, vous devez respecter certaines d\u00e9marches qui vous permettront de b\u00e9n\u00e9ficier d\u2019indemnit\u00e9s journali\u00e8res. Les arr\u00eats de travail \u00ab maladie \u00bb Vous vous trouvez dans l\u2019incapacit\u00e9 temporaire de travailler. Votre m\u00e9decin vous a prescrit un arr\u00eat&hellip; <br \/> <a class=\"button small blue\" href=\"https:\/\/www.6loupiots.fr\/?page_id=4292\">Lire la suite<\/a><\/p>\n","protected":false},"author":1,"featured_media":0,"parent":0,"menu_order":0,"comment_status":"closed","ping_status":"closed","template":"","meta":{"_monsterinsights_skip_tracking":false,"_monsterinsights_sitenote_active":false,"_monsterinsights_sitenote_note":"","_monsterinsights_sitenote_category":0,"ngg_post_thumbnail":0,"footnotes":""},"class_list":["post-4292","page","type-page","status-publish","hentry"],"jetpack_sharing_enabled":true,"post_mailing_queue_ids":[],"_links":{"self":[{"href":"https:\/\/www.6loupiots.fr\/index.php?rest_route=\/wp\/v2\/pages\/4292","targetHints":{"allow":["GET"]}}],"collection":[{"href":"https:\/\/www.6loupiots.fr\/index.php?rest_route=\/wp\/v2\/pages"}],"about":[{"href":"https:\/\/www.6loupiots.fr\/index.php?rest_route=\/wp\/v2\/types\/page"}],"author":[{"embeddable":true,"href":"https:\/\/www.6loupiots.fr\/index.php?rest_route=\/wp\/v2\/users\/1"}],"replies":[{"embeddable":true,"href":"https:\/\/www.6loupiots.fr\/index.php?rest_route=%2Fwp%2Fv2%2Fcomments&post=4292"}],"version-history":[{"count":17,"href":"https:\/\/www.6loupiots.fr\/index.php?rest_route=\/wp\/v2\/pages\/4292\/revisions"}],"predecessor-version":[{"id":8902,"href":"https:\/\/www.6loupiots.fr\/index.php?rest_route=\/wp\/v2\/pages\/4292\/revisions\/8902"}],"wp:attachment":[{"href":"https:\/\/www.6loupiots.fr\/index.php?rest_route=%2Fwp%2Fv2%2Fmedia&parent=4292"}],"curies":[{"name":"wp","href":"https:\/\/api.w.org\/{rel}","templated":true}]}}