{"id":4125,"date":"2020-04-20T16:44:38","date_gmt":"2020-04-20T14:44:38","guid":{"rendered":"http:\/\/www.6loupiots.fr\/?page_id=4125"},"modified":"2020-04-28T20:29:44","modified_gmt":"2020-04-28T18:29:44","slug":"je-suis-nouvel-assistant-maternel","status":"publish","type":"page","link":"https:\/\/www.6loupiots.fr\/?page_id=4125","title":{"rendered":"Je suis nouvel assistant maternel"},"content":{"rendered":"\t\t<div data-elementor-type=\"wp-page\" data-elementor-id=\"4125\" class=\"elementor elementor-4125\">\n\t\t\t\t\t\t<section class=\"elementor-section elementor-top-section elementor-element elementor-element-22d8b2c1 elementor-section-boxed elementor-section-height-default elementor-section-height-default\" data-id=\"22d8b2c1\" data-element_type=\"section\" data-e-type=\"section\">\n\t\t\t\t\t\t<div class=\"elementor-container elementor-column-gap-default\">\n\t\t\t\t\t<div class=\"elementor-column elementor-col-100 elementor-top-column elementor-element elementor-element-79473d88\" data-id=\"79473d88\" data-element_type=\"column\" data-e-type=\"column\">\n\t\t\t<div class=\"elementor-widget-wrap elementor-element-populated\">\n\t\t\t\t\t\t\t<\/div>\n\t\t<\/div>\n\t\t\t\t\t<\/div>\n\t\t<\/section>\n\t\t\t\t<section class=\"elementor-section elementor-top-section elementor-element elementor-element-9212729 elementor-section-boxed elementor-section-height-default elementor-section-height-default\" data-id=\"9212729\" data-element_type=\"section\" data-e-type=\"section\">\n\t\t\t\t\t\t<div class=\"elementor-container elementor-column-gap-default\">\n\t\t\t\t\t<div class=\"elementor-column elementor-col-100 elementor-top-column elementor-element elementor-element-c36f424\" data-id=\"c36f424\" data-element_type=\"column\" data-e-type=\"column\">\n\t\t\t<div class=\"elementor-widget-wrap elementor-element-populated\">\n\t\t\t\t\t\t<section class=\"elementor-section elementor-inner-section elementor-element elementor-element-dc4a99a elementor-section-boxed elementor-section-height-default elementor-section-height-default\" data-id=\"dc4a99a\" data-element_type=\"section\" data-e-type=\"section\">\n\t\t\t\t\t\t<div class=\"elementor-container elementor-column-gap-default\">\n\t\t\t\t\t<div class=\"elementor-column elementor-col-50 elementor-inner-column elementor-element elementor-element-3bc615c\" data-id=\"3bc615c\" data-element_type=\"column\" data-e-type=\"column\">\n\t\t\t<div class=\"elementor-widget-wrap elementor-element-populated\">\n\t\t\t\t\t\t<div class=\"elementor-element elementor-element-b1628e6 elementor-widget elementor-widget-text-editor\" data-id=\"b1628e6\" data-element_type=\"widget\" data-e-type=\"widget\" data-widget_type=\"text-editor.default\">\n\t\t\t\t<div class=\"elementor-widget-container\">\n\t\t\t\t\t\t\t\t\t<p><strong><span class=\"has-inline-color has-vivid-purple-color\">La prime d\u2019installation<\/span><\/strong><\/p><p><strong>Au d\u00e9marrage de son activit\u00e9, l&rsquo;assistant maternel peut b\u00e9n\u00e9ficier d\u2019une aide financi\u00e8re pour accueillir les enfants dans de bonnes conditions. La prime d&rsquo;installation vers\u00e9e par la Caf ou la Msa permet d\u2019acheter le 1er \u00e9quipement n\u00e9cessaire \u00e0 l\u2019accueil d\u2019un enfant. Le point sur ce dispositif\u2026<\/strong><\/p><p><img fetchpriority=\"high\" decoding=\"async\" class=\"size-medium wp-image-4330 alignnone\" src=\"http:\/\/www.6loupiots.fr\/wp-content\/uploads\/2020\/04\/nursery-1078923_640-300x199.jpg\" alt=\"\" width=\"300\" height=\"199\" srcset=\"https:\/\/www.6loupiots.fr\/wp-content\/uploads\/2020\/04\/nursery-1078923_640-300x199.jpg 300w, https:\/\/www.6loupiots.fr\/wp-content\/uploads\/2020\/04\/nursery-1078923_640.jpg 640w\" sizes=\"(max-width: 300px) 100vw, 300px\" \/><\/p><p><strong>De quoi s&rsquo;agit-il ?<\/strong><\/p><p>La prime d&rsquo;installation est vers\u00e9e, dans la limite des fonds disponibles, aux assistants maternels agr\u00e9\u00e9s depuis moins d&rsquo;un an et employ\u00e9s par un particulier. Il est \u00e9galement ouvert aux assistants maternels exer\u00e7ant en Maison d\u2019assistants maternels (Mam).<\/p><p>Cette prime permet de diminuer les co\u00fbts li\u00e9s \u00e0 l&rsquo;installation et vise \u00e0 :<\/p><ul><li>permettre d\u2019acqu\u00e9rir du mat\u00e9riel de pu\u00e9riculture et de s\u00e9curit\u00e9,<\/li><li>favoriser l\u2019accueil des jeunes enfants en renfor\u00e7ant l\u2019attraction de ce m\u00e9tier.<\/li><\/ul><p><strong>Conditions d&rsquo;attributions<\/strong><\/p><p>Seuls les assistants maternels relevant de la convention collective nationale de travail des assistants maternels du particulier employeur peuvent y pr\u00e9tendre. Cette prime est \u00e9galement accord\u00e9e aux assistants maternels agr\u00e9\u00e9s exer\u00e7ant en Maison d&rsquo;assistants maternels (Mam).<\/p><p>Pour en b\u00e9n\u00e9ficier, les conditions \u00e0 remplir sont les suivantes :<\/p><ul><li>avoir suivi la formation initiale obligatoire avant tout accueil du premier enfant ;<\/li><li>avoir un d\u00e9but effectif d&rsquo;activit\u00e9 de deux mois minimum et s&rsquo;engager \u00e0 rester un minimum de trois ans dans la profession ;<\/li><li>\u00eatre r\u00e9f\u00e9renc\u00e9 sur le site Internet <a href=\"http:\/\/www.monenfant.fr\">www.monenfant.fr<\/a> et renseigner la rubrique relative aux disponibilit\u00e9s d&rsquo;accueil ;<\/li><li>accepter de signer une charte d&rsquo;engagements r\u00e9ciproques avec la Caf, laquelle formalise les obligations de chacune des parties.<\/li><\/ul><p><img decoding=\"async\" class=\"size-medium wp-image-4332 alignnone\" src=\"http:\/\/www.6loupiots.fr\/wp-content\/uploads\/2020\/04\/kindergarten-1322559_640-300x220.jpg\" alt=\"\" width=\"300\" height=\"220\" srcset=\"https:\/\/www.6loupiots.fr\/wp-content\/uploads\/2020\/04\/kindergarten-1322559_640-300x220.jpg 300w, https:\/\/www.6loupiots.fr\/wp-content\/uploads\/2020\/04\/kindergarten-1322559_640.jpg 640w\" sizes=\"(max-width: 300px) 100vw, 300px\" \/><\/p><p><strong>Comment en b\u00e9n\u00e9ficier ?<\/strong><\/p><p>Pour b\u00e9n\u00e9ficier de cette prime d&rsquo;installation, d&rsquo;un montant de 300 ou 600 \u20ac suivant le lieu de r\u00e9sidence, la demande doit \u00eatre adress\u00e9e \u00e0 la Caf dans un d\u00e9lai d&rsquo;un an \u00e0 compter de l&rsquo;obtention de l&rsquo;agr\u00e9ment\u00a0 :<\/p><ul><li>Remplir <a href=\"https:\/\/www.caf.fr\/sites\/default\/files\/prime_installation_assistant_maternel_2.pdf\" target=\"_blank\" rel=\"noopener\">l\u2019imprim\u00e9 de demande,<\/a><\/li><li>Signer la charte d\u2019engagements r\u00e9ciproques en 2 exemplaires,<\/li><li>R\u00e9unir les pi\u00e8ces justificatives demand\u00e9es,<\/li><li>Retourner le tout \u00e0 la Caf au service indiqu\u00e9 sur <a href=\"https:\/\/www.caf.fr\/sites\/default\/files\/prime_installation_assistant_maternel_2.pdf\" target=\"_blank\" rel=\"noopener\">l\u2019imprim\u00e9 de demande.<\/a><\/li><\/ul>\t\t\t\t\t\t\t\t<\/div>\n\t\t\t\t<\/div>\n\t\t\t\t\t<\/div>\n\t\t<\/div>\n\t\t\t\t<div class=\"elementor-column elementor-col-50 elementor-inner-column elementor-element elementor-element-10fa61e\" data-id=\"10fa61e\" data-element_type=\"column\" data-e-type=\"column\">\n\t\t\t<div class=\"elementor-widget-wrap elementor-element-populated\">\n\t\t\t\t\t\t<div class=\"elementor-element elementor-element-8af506b elementor-widget elementor-widget-text-editor\" data-id=\"8af506b\" data-element_type=\"widget\" data-e-type=\"widget\" data-widget_type=\"text-editor.default\">\n\t\t\t\t<div class=\"elementor-widget-container\">\n\t\t\t\t\t\t\t\t\t<p><strong><span class=\"has-inline-color has-vivid-purple-color\">Le pr\u00eat \u00e0 l\u2019am\u00e9lioration du lieu d\u2019accueil<\/span><\/strong><\/p>\n<p><strong>Un pr\u00eat \u00e0 l\u2019am\u00e9lioration du lieu d&rsquo;accueil (Pala) peut \u00eatre accord\u00e9, sous conditions, aux assistants maternels, qu\u2019ils soient allocataires ou non. Ce pr\u00eat est destin\u00e9 \u00e0 financer des travaux soit au domicile de l&rsquo;assistant maternel soit dans une maison d&rsquo;assistant maternel. Ces travaux doivent avoir pour objectif d&rsquo;am\u00e9liorer l&rsquo;accueil, la sant\u00e9 ou la s\u00e9curit\u00e9 des enfants accueillis.<\/strong><\/p>\n<p><strong>De quoi s&rsquo;agit-il ?<\/strong><\/p>\n<p>Ce pr\u00eat \u00e0 taux z\u00e9roest destin\u00e9 aux assistants maternels agr\u00e9\u00e9s ou ayant engag\u00e9 une demande d\u2019obtention, d\u2019extension ou de renouvellement d\u2019agr\u00e9ment. Il aide \u00e0 financer des travaux visant \u00e0 am\u00e9liorer l&rsquo;accueil des enfants :<\/p>\n<ul>\n<li>dans leur logement,<\/li>\n<li>dans la maison d\u2019assistants maternels (Mam) o\u00f9 ils excercent.<\/li>\n<\/ul>\n<p><strong>Les conditions d&rsquo;attribution<\/strong><\/p>\n<p>Les travaux engag\u00e9s par les assistants maternels, locataires ou propri\u00e9taires doivent concerner le lieu d&rsquo;accueil des enfants.<br \/>Les assistants maternels, qu&rsquo;ils soient allocataires ou non, doivent :<\/p>\n<ul>\n<li>\u00eatre agr\u00e9\u00e9s, en cours d\u2019agr\u00e9ment, de renouvellement ou d\u2019extension d\u2019agr\u00e9ment ;<\/li>\n<li>faire r\u00e9aliser les travaux \u00e0 leur domicile ou dans une Mam pour am\u00e9liorer l\u2019accueil, la sant\u00e9 ou la s\u00e9curit\u00e9 des enfants accueillis ;<\/li>\n<li>s\u2019engager \u00e0 exercer leur activit\u00e9 d\u2019assistant maternel pendant toute la dur\u00e9e du pr\u00eat ;<\/li>\n<li>donner leur accord pour figurer sur le site internet de la Caf monenfant.fr.<\/li>\n<\/ul>\n<p><strong>Attention :<\/strong> sont exclus les travaux d&rsquo;entretien, d\u2019embellissement ou s\u2019imposant aux propri\u00e9taires.<\/p>\n<p><strong>Le versement du pr\u00eat<\/strong><\/p>\n<p>D\u2019un montant de 10 000 \u20ac maximum, il est accord\u00e9 sans int\u00e9r\u00eat dans la limite de 80% du co\u00fbt total des travaux. Il est remboursable en 120 mensualit\u00e9s maximum.<\/p>\n<p>Le pr\u00eat est vers\u00e9 en 2 temps :<\/p>\n<ul>\n<li>Le premier versement est cr\u00e9dit\u00e9 avant le d\u00e9but des travaux sur pr\u00e9sentation des devis.<\/li>\n<li>Le second versement est accord\u00e9 6 mois apr\u00e8s le premier \u00e0 la fin des travaux sur pr\u00e9sentation des factures.<\/li>\n<\/ul>\n<p>Il est cumulable avec un pr\u00eat d\u2019am\u00e9lioration de l\u2019habitat classique, autoris\u00e9 pour tout particulier, pour des travaux de r\u00e9paration, d\u2019assainissement ou m\u00eame d\u2019isolation thermique.<\/p>\n<p><strong>Comment en b\u00e9n\u00e9ficier ?<\/strong><\/p>\n<p><a href=\"https:\/\/www.caf.fr\/sites\/default\/files\/caf\/311\/Documents\/AssMat\/liasseDPALAweb.pdf\" target=\"_blank\" rel=\"noopener\">Le formulaire de demande<\/a> est \u00e0 compl\u00e9ter et \u00e0 retourner\u00a0accompagn\u00e9 des pi\u00e8ces justificatives suivantes :<\/p>\n<ul>\n<li>Pour les assistants maternels travaillant \u00e0 domicile, la copie de l\u2019agr\u00e9ment ou de son renouvellement.<\/li>\n<li>Pour les assistants maternels\u00a0travaillant en Mam, la copie de l\u2019agr\u00e9ment ou de son renouvellement et l\u2019accus\u00e9 de r\u00e9ception de la demande d\u2019agr\u00e9ment.<\/li>\n<\/ul>\n<p>Quelles que soient les modalit\u00e9s d&rsquo;exercices (\u00e0 domicile ou en Mam) les documents suivants sont \u00e0 fournir :<\/p>\n<ul>\n<li>Les devis : le(s) devis d\u00e9taill\u00e9(s) des travaux \u00e9tabli(s) par l\u2019entrepreneur, le(s) devis des fournisseurs de mat\u00e9riaux si vous effectuez vous-m\u00eame les travaux.<\/li>\n<li>La copie du permis de construire pour les travaux soumis \u00e0 autorisation ou de la d\u00e9claration de travaux.<\/li>\n<li>L\u2019autorisation du propri\u00e9taire si vous \u00eates locataire.<\/li>\n<\/ul>\t\t\t\t\t\t\t\t<\/div>\n\t\t\t\t<\/div>\n\t\t\t\t\t<\/div>\n\t\t<\/div>\n\t\t\t\t\t<\/div>\n\t\t<\/section>\n\t\t\t\t\t<\/div>\n\t\t<\/div>\n\t\t\t\t\t<\/div>\n\t\t<\/section>\n\t\t\t\t<\/div>\n\t\t","protected":false},"excerpt":{"rendered":"<p>La prime d\u2019installation Au d\u00e9marrage de son activit\u00e9, l&rsquo;assistant maternel peut b\u00e9n\u00e9ficier d\u2019une aide financi\u00e8re pour accueillir les enfants dans de bonnes conditions. La prime d&rsquo;installation vers\u00e9e par la Caf ou la Msa permet d\u2019acheter le 1er \u00e9quipement n\u00e9cessaire \u00e0 l\u2019accueil d\u2019un enfant. Le point sur ce dispositif\u2026 De quoi s&rsquo;agit-il ? La prime d&rsquo;installation&hellip; <br \/> <a class=\"button small blue\" href=\"https:\/\/www.6loupiots.fr\/?page_id=4125\">Lire la suite<\/a><\/p>\n","protected":false},"author":1,"featured_media":0,"parent":0,"menu_order":0,"comment_status":"closed","ping_status":"closed","template":"","meta":{"_monsterinsights_skip_tracking":false,"_monsterinsights_sitenote_active":false,"_monsterinsights_sitenote_note":"","_monsterinsights_sitenote_category":0,"ngg_post_thumbnail":0,"footnotes":""},"class_list":["post-4125","page","type-page","status-publish","hentry"],"jetpack_sharing_enabled":true,"post_mailing_queue_ids":[],"_links":{"self":[{"href":"https:\/\/www.6loupiots.fr\/index.php?rest_route=\/wp\/v2\/pages\/4125","targetHints":{"allow":["GET"]}}],"collection":[{"href":"https:\/\/www.6loupiots.fr\/index.php?rest_route=\/wp\/v2\/pages"}],"about":[{"href":"https:\/\/www.6loupiots.fr\/index.php?rest_route=\/wp\/v2\/types\/page"}],"author":[{"embeddable":true,"href":"https:\/\/www.6loupiots.fr\/index.php?rest_route=\/wp\/v2\/users\/1"}],"replies":[{"embeddable":true,"href":"https:\/\/www.6loupiots.fr\/index.php?rest_route=%2Fwp%2Fv2%2Fcomments&post=4125"}],"version-history":[{"count":9,"href":"https:\/\/www.6loupiots.fr\/index.php?rest_route=\/wp\/v2\/pages\/4125\/revisions"}],"predecessor-version":[{"id":4605,"href":"https:\/\/www.6loupiots.fr\/index.php?rest_route=\/wp\/v2\/pages\/4125\/revisions\/4605"}],"wp:attachment":[{"href":"https:\/\/www.6loupiots.fr\/index.php?rest_route=%2Fwp%2Fv2%2Fmedia&parent=4125"}],"curies":[{"name":"wp","href":"https:\/\/api.w.org\/{rel}","templated":true}]}}